{"id":1467,"date":"2022-09-02T09:22:02","date_gmt":"2022-09-02T09:22:02","guid":{"rendered":"https:\/\/www.icecom.is\/?post_type=product&#038;p=1467"},"modified":"2024-08-27T16:05:03","modified_gmt":"2024-08-27T16:05:03","slug":"magnarar-fyrir-fjarskiptakerfi","status":"publish","type":"product","link":"https:\/\/www.icecom.is\/index.php\/product\/magnarar-fyrir-fjarskiptakerfi\/","title":{"rendered":"Stella Doradus"},"content":{"rendered":"<p style=\"text-align: center;\"><a href=\"https:\/\/stelladoradus.com\" target=\"_blank\" rel=\"noopener\">Magnarar fr\u00e1 stelladoradus \u00cdrlandi<\/a><a href=\"http:\/\/stelladoradus.com\" target=\"_blank\" rel=\"noopener\"><img decoding=\"async\" class=\"alignnone size-full wp-image-1473 alignleft\" src=\"https:\/\/www.icecom.is\/wp-content\/uploads\/2022\/09\/stelladoradus-logo.jpg\" alt=\"\" width=\"218\" height=\"85\" \/><img fetchpriority=\"high\" decoding=\"async\" class=\"wp-image-1453 size-full alignleft\" src=\"https:\/\/www.icecom.is\/wp-content\/uploads\/2022\/09\/Cellular-amplifiers.jpg\" alt=\"\" width=\"534\" height=\"459\" srcset=\"https:\/\/www.icecom.is\/wp-content\/uploads\/2022\/09\/Cellular-amplifiers.jpg 534w, https:\/\/www.icecom.is\/wp-content\/uploads\/2022\/09\/Cellular-amplifiers-300x258.jpg 300w\" sizes=\"(max-width: 534px) 100vw, 534px\" \/><\/a><\/p>\n","protected":false},"excerpt":{"rendered":"<p>Magnarar fyrir fjarskiptakerfi einnig \u00feekkt sem GSM endurvarpar, taka \u00e1 m\u00f3ti GSM merki utanh\u00fass og dreifa \u00fev\u00ed innanh\u00fass.<\/p>\n<p>\u00deetta er hentug lausn \u00fear sem l\u00e9legur e\u00f0a enginn styrkur er \u00e1 s\u00edmasambandi innandyra.<\/p>\n<p>N\u00e1nari uppl\u00fdsingar: <a href=\"mailto:icecom@icecom.is\">icecom@icecom.is<\/a><\/p>\n","protected":false},"featured_media":1473,"template":"","meta":{"_acf_changed":false},"product_cat":[119],"product_tag":[],"class_list":{"0":"post-1467","1":"product","2":"type-product","3":"status-publish","4":"has-post-thumbnail","6":"product_cat-magnarar-fyrir-fjarskiptakerfi","8":"first","9":"instock","10":"taxable","11":"shipping-taxable","12":"product-type-simple"},"acf":[],"_links":{"self":[{"href":"https:\/\/www.icecom.is\/index.php\/wp-json\/wp\/v2\/product\/1467","targetHints":{"allow":["GET"]}}],"collection":[{"href":"https:\/\/www.icecom.is\/index.php\/wp-json\/wp\/v2\/product"}],"about":[{"href":"https:\/\/www.icecom.is\/index.php\/wp-json\/wp\/v2\/types\/product"}],"wp:featuredmedia":[{"embeddable":true,"href":"https:\/\/www.icecom.is\/index.php\/wp-json\/wp\/v2\/media\/1473"}],"wp:attachment":[{"href":"https:\/\/www.icecom.is\/index.php\/wp-json\/wp\/v2\/media?parent=1467"}],"wp:term":[{"taxonomy":"product_cat","embeddable":true,"href":"https:\/\/www.icecom.is\/index.php\/wp-json\/wp\/v2\/product_cat?post=1467"},{"taxonomy":"product_tag","embeddable":true,"href":"https:\/\/www.icecom.is\/index.php\/wp-json\/wp\/v2\/product_tag?post=1467"}],"curies":[{"name":"wp","href":"https:\/\/api.w.org\/{rel}","templated":true}]}}