{"id":410,"date":"2019-03-25T10:41:33","date_gmt":"2019-03-25T10:41:33","guid":{"rendered":"http:\/\/www.icecom.is\/?post_type=product&#038;p=410"},"modified":"2019-11-13T15:17:35","modified_gmt":"2019-11-13T15:17:35","slug":"m21-125-342","status":"publish","type":"product","link":"https:\/\/www.icecom.is\/index.php\/product\/m21-125-342\/","title":{"rendered":"BMP61"},"content":{"rendered":"","protected":false},"excerpt":{"rendered":"<p>Brady BMP61 prentarinn er me\u00f0 snertiskj\u00e1 m\u00f6guleika og \u00fdmis lei\u00f0ir til a\u00f0 tengjast, me\u00f0h\u00f6ndla og vista g\u00f6gnin \u00fe\u00edn.<br \/>\nMe\u00f0 snallforriti getur \u00fe\u00fa hanna\u00f0 og sent mi\u00f0a fr\u00e1 s\u00edmanum \u00fe\u00ednum yfir \u00ed prentarann \u00ed gegnum innbygg\u00f0a wifi t\u00e6kni.<br \/>\nPrentarinn getur prenta\u00f0 allt upp a\u00f0 50,8 mm breidd og getur teki\u00f0 \u00e1 m\u00f3ti st\u00f3rum bulk r\u00fallum.<\/p>\n<p>Brady b\u00e6klingur me\u00f0 n\u00e1nari uppl\u00fdsingar um alla prentara: <a href=\"http:\/\/www.icecom.is\/wp-content\/plugins\/pdfjs-viewer-shortcode\/pdfjs\/web\/viewer.php?file=http%3A%2F%2Fwww.icecom.is%2Fwp-content%2Fuploads%2F2019%2F04%2FPWID_Catalogue_Europe_English.pdf&amp;download=true&amp;print=true&amp;openfile=false\"><em><strong>B\u00e6klingur<\/strong><\/em><\/a><\/p>\n","protected":false},"featured_media":465,"template":"","meta":{"_acf_changed":false},"product_cat":[61],"product_tag":[112,104,102,99,103],"class_list":{"0":"post-410","1":"product","2":"type-product","3":"status-publish","4":"has-post-thumbnail","6":"product_cat-brady_handprentarar","7":"product_tag-brady","8":"product_tag-merkingar","9":"product_tag-oryggisvorur","10":"product_tag-prentarar","11":"product_tag-prentun","13":"first","14":"instock","15":"taxable","16":"shipping-taxable","17":"product-type-simple"},"acf":[],"_links":{"self":[{"href":"https:\/\/www.icecom.is\/index.php\/wp-json\/wp\/v2\/product\/410","targetHints":{"allow":["GET"]}}],"collection":[{"href":"https:\/\/www.icecom.is\/index.php\/wp-json\/wp\/v2\/product"}],"about":[{"href":"https:\/\/www.icecom.is\/index.php\/wp-json\/wp\/v2\/types\/product"}],"wp:featuredmedia":[{"embeddable":true,"href":"https:\/\/www.icecom.is\/index.php\/wp-json\/wp\/v2\/media\/465"}],"wp:attachment":[{"href":"https:\/\/www.icecom.is\/index.php\/wp-json\/wp\/v2\/media?parent=410"}],"wp:term":[{"taxonomy":"product_cat","embeddable":true,"href":"https:\/\/www.icecom.is\/index.php\/wp-json\/wp\/v2\/product_cat?post=410"},{"taxonomy":"product_tag","embeddable":true,"href":"https:\/\/www.icecom.is\/index.php\/wp-json\/wp\/v2\/product_tag?post=410"}],"curies":[{"name":"wp","href":"https:\/\/api.w.org\/{rel}","templated":true}]}}