{"id":613,"date":"2019-04-23T09:22:36","date_gmt":"2019-04-23T09:22:36","guid":{"rendered":"http:\/\/www.icecom.is\/?post_type=product&#038;p=613"},"modified":"2019-11-13T15:04:03","modified_gmt":"2019-11-13T15:04:03","slug":"squix","status":"publish","type":"product","link":"https:\/\/www.icecom.is\/index.php\/product\/squix\/","title":{"rendered":"Squix"},"content":{"rendered":"","protected":false},"excerpt":{"rendered":"<h3>N\u00e1kv\u00e6mur og fj\u00f6lh\u00e6fur<\/h3>\n<p>Squix prentarinn getur prenta\u00f0 \u00e1 allskyns bor\u00f0a, s\u00e9rstaklega fyrir mj\u00f6g litla mi\u00f0a e\u00f0a mj\u00f3a samfellda herpi h\u00f3lka.<br \/>\nEkki er \u00fe\u00f6rf fyrir a\u00f0 stilla merkisbreiddina mi\u00f0a\u00f0 vi\u00f0 bor\u00f0an \u00fear sem a\u00f0 bor\u00f0inn gerir \u00fea\u00f0 sj\u00e1lfur.<\/p>\n<p>Prent upplausnin er 300 dpi og tekur prentarinn bor\u00f0a allt a\u00f0 108.4 mm \u00e1 breidd<br \/>\nPrenthra\u00f0inn er 250 mm\/s<\/p>\n<pre id=\"tw-target-text\" class=\"tw-data-text tw-ta tw-text-small\" dir=\"ltr\" data-placeholder=\"\u00de\u00fd\u00f0ing\" data-fulltext=\"\"><\/pre>\n","protected":false},"featured_media":618,"template":"","meta":{"_acf_changed":false},"product_cat":[49],"product_tag":[104,102,99,103,106],"class_list":{"0":"post-613","1":"product","2":"type-product","3":"status-publish","4":"has-post-thumbnail","6":"product_cat-cab","7":"product_tag-merkingar","8":"product_tag-oryggisvorur","9":"product_tag-prentarar","10":"product_tag-prentun","11":"product_tag-rafidnadur","13":"first","14":"instock","15":"taxable","16":"shipping-taxable","17":"product-type-simple"},"acf":[],"_links":{"self":[{"href":"https:\/\/www.icecom.is\/index.php\/wp-json\/wp\/v2\/product\/613","targetHints":{"allow":["GET"]}}],"collection":[{"href":"https:\/\/www.icecom.is\/index.php\/wp-json\/wp\/v2\/product"}],"about":[{"href":"https:\/\/www.icecom.is\/index.php\/wp-json\/wp\/v2\/types\/product"}],"wp:featuredmedia":[{"embeddable":true,"href":"https:\/\/www.icecom.is\/index.php\/wp-json\/wp\/v2\/media\/618"}],"wp:attachment":[{"href":"https:\/\/www.icecom.is\/index.php\/wp-json\/wp\/v2\/media?parent=613"}],"wp:term":[{"taxonomy":"product_cat","embeddable":true,"href":"https:\/\/www.icecom.is\/index.php\/wp-json\/wp\/v2\/product_cat?post=613"},{"taxonomy":"product_tag","embeddable":true,"href":"https:\/\/www.icecom.is\/index.php\/wp-json\/wp\/v2\/product_tag?post=613"}],"curies":[{"name":"wp","href":"https:\/\/api.w.org\/{rel}","templated":true}]}}