{"id":694,"date":"2019-04-26T11:38:11","date_gmt":"2019-04-26T11:38:11","guid":{"rendered":"http:\/\/www.icecom.is\/?post_type=product&#038;p=694"},"modified":"2020-12-16T09:55:56","modified_gmt":"2020-12-16T09:55:56","slug":"dlan-550-plus-wifi","status":"publish","type":"product","link":"https:\/\/www.icecom.is\/index.php\/product\/dlan-550-plus-wifi\/","title":{"rendered":"dLAN 550 plus WiFi Starter kit"},"content":{"rendered":"<p><iframe title=\"devolo Powerline Technology (english)\" width=\"1200\" height=\"675\" src=\"https:\/\/www.youtube.com\/embed\/8kVp3hgDi0w?feature=oembed\" frameborder=\"0\" allow=\"accelerometer; autoplay; clipboard-write; encrypted-media; gyroscope; picture-in-picture\" allowfullscreen><\/iframe><\/p>\n<p><strong>Unlock faster and more powerful WiFi and broadband possibilities with the devolo dLAN\u00ae 550+ WiFi.\u00a0\u00a0 \u00a0<\/strong><\/p>\n<p><strong>The state-of-the-art dLAN\u00ae\u00a0 550+ WiFi delivers a super-fast network of up to 500 Mbps via\u00a0<span class=\"tips\" data-tippy-html=\"#devoloOverlay29314\" data-tippy=\"\">Powerline<\/span>\u00a0technology, which utilises the existing electrical wiring in your home to enable simultaneous browsing, HD streaming and online gaming throughout your home.<\/strong><\/p>\n<p>&nbsp;<\/p>\n","protected":false},"excerpt":{"rendered":"<ul>\n<li>Devolo dLAN v\u00f6runar n\u00e1 tengingu \u00e1 sv\u00e6\u00f0um \u00fear sem tenging er h\u00e6g e\u00f0a ekki til sta\u00f0ar.<\/li>\n<li>\u00f3\u00fearfi a\u00f0 leggja sn\u00farur og lista.<\/li>\n<li>tengir 1 dLAN vi\u00f0 router og a\u00f0ra \u00ed rafmagn \u00fear sem \u00fe\u00fa \u00e6tlar a\u00f0 n\u00e1 tengingu.<\/li>\n<li>Fr\u00e1b\u00e6r lausn fyrir \u00fe\u00e1 sem vilja st\u00f6\u00f0uga og hra\u00f0a nettengingu.<\/li>\n<li>500 Mbps tenging<\/li>\n<\/ul>\n<p>&nbsp;<\/p>\n<ul>\n<li class=\"text-justify\">Up to 500 Mbps via LAN for perfect HD video and audio streaming<\/li>\n<li class=\"text-justify\">Up to 300 Mbps wirelessly for tablets, smartphones and laptops<\/li>\n<li class=\"text-justify\">More flexibility, with an integrated power socket and intuitive web user interface<\/li>\n<\/ul>\n","protected":false},"featured_media":695,"template":"","meta":{"_acf_changed":false},"product_cat":[69],"product_tag":[95,82],"class_list":{"0":"post-694","1":"product","2":"type-product","3":"status-publish","4":"has-post-thumbnail","6":"product_cat-netyfirrafmagn","7":"product_tag-netbunadur","8":"product_tag-snjallheimili","10":"first","11":"instock","12":"taxable","13":"shipping-taxable","14":"product-type-simple"},"acf":[],"_links":{"self":[{"href":"https:\/\/www.icecom.is\/index.php\/wp-json\/wp\/v2\/product\/694","targetHints":{"allow":["GET"]}}],"collection":[{"href":"https:\/\/www.icecom.is\/index.php\/wp-json\/wp\/v2\/product"}],"about":[{"href":"https:\/\/www.icecom.is\/index.php\/wp-json\/wp\/v2\/types\/product"}],"wp:featuredmedia":[{"embeddable":true,"href":"https:\/\/www.icecom.is\/index.php\/wp-json\/wp\/v2\/media\/695"}],"wp:attachment":[{"href":"https:\/\/www.icecom.is\/index.php\/wp-json\/wp\/v2\/media?parent=694"}],"wp:term":[{"taxonomy":"product_cat","embeddable":true,"href":"https:\/\/www.icecom.is\/index.php\/wp-json\/wp\/v2\/product_cat?post=694"},{"taxonomy":"product_tag","embeddable":true,"href":"https:\/\/www.icecom.is\/index.php\/wp-json\/wp\/v2\/product_tag?post=694"}],"curies":[{"name":"wp","href":"https:\/\/api.w.org\/{rel}","templated":true}]}}