{"id":698,"date":"2019-04-26T11:45:45","date_gmt":"2019-04-26T11:45:45","guid":{"rendered":"http:\/\/www.icecom.is\/?post_type=product&#038;p=698"},"modified":"2020-12-16T09:54:50","modified_gmt":"2020-12-16T09:54:50","slug":"dlan-1200wifi-ac","status":"publish","type":"product","link":"https:\/\/www.icecom.is\/index.php\/product\/dlan-1200wifi-ac\/","title":{"rendered":"dLAN 1200+WiFi ac Starter Kit"},"content":{"rendered":"<p><strong>The dLAN\u00ae 1200+ WiFi ac adapter is part of the new\u00a0<span class=\"tips\" data-tippy-html=\"#devoloOverlay29129\" data-tippy=\"\">Powerline<\/span>gigabit generation from devolo and provides you with a reliable connection directly over the mains supply. Wireless access lets you use your mobile devices throughout the home together with two LAN ports available for network-compatible terminal devices.<\/strong><\/p>\n<p>Turn any electrical socket into a WiFi access point for your smartphone, tablet or computer. Surf at ac speeds of up to 1200 Mbps and communicate wirelessly using 2.4 and 5 GHz signals simultaneously.<\/p>\n","protected":false},"excerpt":{"rendered":"<ul>\n<li>Devolo dLAN v\u00f6runar n\u00e1 tengingu \u00e1 sv\u00e6\u00f0um \u00fear sem tenging er h\u00e6g e\u00f0a ekki til sta\u00f0ar.<\/li>\n<li>\u00f3\u00fearfi a\u00f0 leggja sn\u00farur og lista.<\/li>\n<li>tengir 1 dLAN vi\u00f0 router og a\u00f0ra \u00ed rafmagn \u00fear sem \u00fe\u00fa \u00e6tlar a\u00f0 n\u00e1 tengingu.<\/li>\n<li>Fr\u00e1b\u00e6r lausn fyrir \u00fe\u00e1 sem vilja st\u00f6\u00f0uga og hra\u00f0a nettengingu.<\/li>\n<li>1200 Mbps tenging<\/li>\n<\/ul>\n<ul>\n<li class=\"text-justify\">Gaming, streaming and rapid transfer of data (NAS) with Wi-Fi ac in Gigabit speed.<\/li>\n<li class=\"text-justify\">Always the best Wi-Fi connection thank to the mesh functionality.<\/li>\n<li class=\"text-justify\">Two LAN connections in Gigabit speed for smart TV, console or PC.<\/li>\n<\/ul>\n[embed]https:\/\/www.youtube.com\/watch?v=8kVp3hgDi0w[\/embed]\n","protected":false},"featured_media":699,"template":"","meta":{"_acf_changed":false},"product_cat":[69],"product_tag":[95,82],"class_list":{"0":"post-698","1":"product","2":"type-product","3":"status-publish","4":"has-post-thumbnail","6":"product_cat-netyfirrafmagn","7":"product_tag-netbunadur","8":"product_tag-snjallheimili","10":"first","11":"instock","12":"taxable","13":"shipping-taxable","14":"product-type-simple"},"acf":[],"_links":{"self":[{"href":"https:\/\/www.icecom.is\/index.php\/wp-json\/wp\/v2\/product\/698","targetHints":{"allow":["GET"]}}],"collection":[{"href":"https:\/\/www.icecom.is\/index.php\/wp-json\/wp\/v2\/product"}],"about":[{"href":"https:\/\/www.icecom.is\/index.php\/wp-json\/wp\/v2\/types\/product"}],"wp:featuredmedia":[{"embeddable":true,"href":"https:\/\/www.icecom.is\/index.php\/wp-json\/wp\/v2\/media\/699"}],"wp:attachment":[{"href":"https:\/\/www.icecom.is\/index.php\/wp-json\/wp\/v2\/media?parent=698"}],"wp:term":[{"taxonomy":"product_cat","embeddable":true,"href":"https:\/\/www.icecom.is\/index.php\/wp-json\/wp\/v2\/product_cat?post=698"},{"taxonomy":"product_tag","embeddable":true,"href":"https:\/\/www.icecom.is\/index.php\/wp-json\/wp\/v2\/product_tag?post=698"}],"curies":[{"name":"wp","href":"https:\/\/api.w.org\/{rel}","templated":true}]}}