{"id":779,"date":"2019-04-26T16:30:33","date_gmt":"2019-04-26T16:30:33","guid":{"rendered":"http:\/\/www.icecom.is\/?post_type=product&#038;p=779"},"modified":"2022-03-08T15:04:32","modified_gmt":"2022-03-08T15:04:32","slug":"smartvest-wireless-alarm-system-and-app-basic-set","status":"publish","type":"product","link":"https:\/\/www.icecom.is\/index.php\/product\/smartvest-wireless-alarm-system-and-app-basic-set\/","title":{"rendered":"Smartvest Wireless Alarm System and App- Basic Set"},"content":{"rendered":"\n","protected":false},"excerpt":{"rendered":"<h2>Smartvest Wireless Alarm System and App- Basic Set<\/h2>\n<ul>\n<li>\u00der\u00e1\u00f0laust \u00f6ryggiskerfi fyrir heimili\u00f0<\/li>\n<li>H\u00e1v\u00e6ri 90Db s\u00edrena<\/li>\n<li>Hur\u00f0a og Hreyfiskynjari fylgir me\u00f0<\/li>\n<li>Einfallt \u00ed uppsettningu og engin \u00fe\u00f6rf \u00e1 a\u00f0 bora e\u00f0a breyta (Plug and Play)<\/li>\n<li>Stj\u00f3rna\u00f0 \u00ed Smartvest appinu<\/li>\n<li>H\u00e6gt a\u00f0 tengja allt a\u00f0 32 t\u00e6ki vi\u00f0 stj\u00f3rnst\u00f6\u00f0ina<\/li>\n<\/ul>\n<p>&nbsp;<\/p>\n<p>&nbsp;<\/p>\n<ul class=\"spaced\">\n<li>The Smartvest Wireless Alarm System &amp; App \u2013 Basic Set enables easy access to modern homes with its combination of reliable all-round security and attractive home-automation functions. The &#8222;smart&#8220; in the name refers not only to the product and the tablet- and smartphone-based operation, but also to the fact that installation is very easy thanks to the Plug and Play and the preconfigured components in the set. Wiring and drilling are thus finally a thing of the past. In addition to the alarm control panel and app, the basic set also offers everything you could need to ensure basic security for your home thanks to its opening and motion detector, remote control and related accessories. The free app gives you access to the alarm panel from around the world and with it the peace of mind that everything is OK at home. If an alarm is triggered, the alarm panel activates its built-in, high-volume 90dB siren; it can also raise the alarm simultaneously via push notifications in the app and email. An integrated hygrometer makes it possible to react to changes in room temperature and humidity at any time. Furthermore, the Basic Set can be extended to include up to 32 wireless components and four IP cameras, enabling you, for example, to simulate presence with the Smartvest wireless socket (FUHA35000A) and automate a wide variety of other electronic devices.<br \/>\n<strong>Remark:<\/strong><br \/>\nThe Smartvest Wireless Remote Control is protected against so-called replay attacks by an integrated security mechanism. All switching commands to the Smartvest alarmpanel are individualized and thus not reproducable by unauthorized third parties.<\/li>\n<\/ul>\n","protected":false},"featured_media":780,"template":"","meta":{"_acf_changed":false},"product_cat":[42],"product_tag":[108,107,97,96,77,102,79],"class_list":{"0":"post-779","1":"product","2":"type-product","3":"status-publish","4":"has-post-thumbnail","6":"product_cat-abus","7":"product_tag-fjarskiptabunadur","8":"product_tag-heimavorn","9":"product_tag-myndavelakerfi","10":"product_tag-myndavelar","11":"product_tag-oryggiskerfi","12":"product_tag-oryggisvorur","13":"product_tag-sumarhus","15":"first","16":"instock","17":"taxable","18":"shipping-taxable","19":"product-type-simple"},"acf":[],"_links":{"self":[{"href":"https:\/\/www.icecom.is\/index.php\/wp-json\/wp\/v2\/product\/779","targetHints":{"allow":["GET"]}}],"collection":[{"href":"https:\/\/www.icecom.is\/index.php\/wp-json\/wp\/v2\/product"}],"about":[{"href":"https:\/\/www.icecom.is\/index.php\/wp-json\/wp\/v2\/types\/product"}],"wp:featuredmedia":[{"embeddable":true,"href":"https:\/\/www.icecom.is\/index.php\/wp-json\/wp\/v2\/media\/780"}],"wp:attachment":[{"href":"https:\/\/www.icecom.is\/index.php\/wp-json\/wp\/v2\/media?parent=779"}],"wp:term":[{"taxonomy":"product_cat","embeddable":true,"href":"https:\/\/www.icecom.is\/index.php\/wp-json\/wp\/v2\/product_cat?post=779"},{"taxonomy":"product_tag","embeddable":true,"href":"https:\/\/www.icecom.is\/index.php\/wp-json\/wp\/v2\/product_tag?post=779"}],"curies":[{"name":"wp","href":"https:\/\/api.w.org\/{rel}","templated":true}]}}